{"id":52,"date":"2019-03-11T12:45:05","date_gmt":"2019-03-11T11:45:05","guid":{"rendered":"http:\/\/www.montrejeau-pyrenees.fr\/?page_id=52"},"modified":"2019-07-04T09:30:50","modified_gmt":"2019-07-04T07:30:50","slug":"votre-weekend","status":"publish","type":"page","link":"https:\/\/www.montrejeau-pyrenees.fr\/fr\/votre-weekend\/","title":{"rendered":"Votre weekend"},"content":{"rendered":"\n<h2 class=\"wp-block-heading\"><strong>Un si agr\u00e9able weekend \u00e0 Montr\u00e9jeau<\/strong><br><\/h2>\n\n\n\n<p>Vous \u00eates arriv\u00e9 le vendredi soir soit avec les derniers avions \u00e0 Pau, Tarbes ou Toulouse soit par le train ou par l\u2019A64 en voiture.<br>Apr\u00e8s vous \u00eatre install\u00e9 dans le mode de logement retenu, vous aurez le choix entre\u00a0:<\/p>\n\n\n\n<ul class=\"wp-block-list\"><li>48 heures pass\u00e9es sur place<\/li><li>2 jours avec des d\u00e9couvertes dans un rayon de 40 km<\/li><\/ul>\n\n\n\n<p>La saison guidera vos pas\u00a0:<\/p>\n\n\n\n<iframe loading=\"lazy\" width=\"560\" height=\"315\" src=\"https:\/\/www.youtube.com\/embed\/1-nGebBhlUE\" frameborder=\"0\" allow=\"accelerometer; autoplay; encrypted-media; gyroscope; picture-in-picture\" allowfullscreen=\"\"><\/iframe>\n\n\n\n<p>Si vous optez pour un s\u00e9jour tr\u00e8s s\u00e9dentaire, vous pourrez&nbsp;:<\/p>\n\n\n\n<ul class=\"wp-block-list\"><li>Visiter la <a rel=\"noreferrer noopener\" aria-label=\" (s\u2019ouvre dans un nouvel onglet)\" href=\"https:\/\/www.mairie-montrejeau.com\/files\/medias\/documents\/visite-guidee\/Visite_guidee_de_Montrejeau.pdf\" target=\"_blank\"><strong>Bastide Royale<\/strong><\/a> <\/li><li>Visiter le <a rel=\"noreferrer noopener\" aria-label=\" (s\u2019ouvre dans un nouvel onglet)\" href=\"https:\/\/www.mairie-montrejeau.com\/fr\/loisirs-culture\/le-chateau-de-valmirande\" target=\"_blank\"><strong>Ch\u00e2teau de Valmirande<\/strong><\/a> (en \u00e9t\u00e9 ou sur demande les autres saisons<\/li><li>D\u00e9couvrir la<strong> <\/strong><a href=\"about:blank\"><strong>base de loisirs<\/strong>\u00a0<\/a>: <strong>aires de fitness<\/strong> et de <strong>jeux pour enfants<\/strong>, promenade autour du<strong> lac<\/strong> avec <strong>baignade<\/strong><\/li><li>Pratiquer ou vous initier au <a rel=\"noreferrer noopener\" aria-label=\" (s\u2019ouvre dans un nouvel onglet)\" href=\"http:\/\/golf-du-comminges.e-monsite.com\/\" target=\"_blank\"><strong>Golf du Comminges<\/strong><\/a><\/li><li>Jouer au <strong>tennis<\/strong><\/li><li>Faire de l\u2019<a rel=\"noreferrer noopener\" aria-label=\" (s\u2019ouvre dans un nouvel onglet)\" href=\"http:\/\/www.clubcentreequestre.com\/centre-equestre-28556-mazeres-de-neste.html\" target=\"_blank\"><strong>\u00e9quitation<\/strong><\/a><\/li><li>Promenade le long de la <strong>Garonne<\/strong> ou de la <strong>Neste<\/strong><\/li><\/ul>\n\n\n\n<figure><iframe loading=\"lazy\" width=\"560\" height=\"315\" src=\"https:\/\/www.youtube.com\/embed\/qhxVw3GXC6g\" allowfullscreen=\"\"><\/iframe><\/figure>\n\n\n\n<p>Si vous souhaitez rayonner, votre s\u00e9jour pourra se compl\u00e9ter en parcourant des lieux allant de la <strong>pr\u00e9histoire<\/strong> \u00e0 l\u2019<strong>\u00e8re gr\u00e9co-romaine<\/strong> omnipr\u00e9sente et au <strong>Moyen-Age<\/strong>\u00a0:<\/p>\n\n\n\n<ul class=\"wp-block-list\"><li>La visite de <a rel=\"noreferrer noopener\" aria-label=\" (s\u2019ouvre dans un nouvel onglet)\" href=\"https:\/\/www.st-bertrand.com\" target=\"_blank\"><strong>Saint Bertrand de Comminges<\/strong> et <strong>Saint Just de Valcabr\u00e8re<\/strong><\/a><strong>,<\/strong> site <strong>romain<\/strong>, <strong>pal\u00e9ochr\u00e9tien<\/strong> et <strong>m\u00e9di\u00e9val<\/strong><\/li><li>Les <a rel=\"noreferrer noopener\" aria-label=\" (s\u2019ouvre dans un nouvel onglet)\" href=\"http:\/\/www.grottesdegargas.fr\/\" target=\"_blank\"><strong>Grottes de Gargas<\/strong><\/a> , site <strong>pr\u00e9historique<\/strong><\/li><li><strong>Villa Romaine<\/strong> de <a rel=\"noreferrer noopener\" aria-label=\" (s\u2019ouvre dans un nouvel onglet)\" href=\"http:\/\/www.villa-montmaurin.fr\/\" target=\"_blank\"><strong>Montmaurin<\/strong><\/a> et les <a rel=\"noreferrer noopener\" aria-label=\" (s\u2019ouvre dans un nouvel onglet)\" href=\"https:\/\/fr.wikipedia.org\/wiki\/Save_(Garonne\" target=\"_blank\"><strong>Gorges de la Save<\/strong><\/a><\/li><\/ul>\n\n\n\n<figure><iframe loading=\"lazy\" width=\"560\" height=\"315\" src=\"https:\/\/www.youtube.com\/embed\/9ZqyDVPVLv8\" allowfullscreen=\"\"><\/iframe><\/figure>\n\n\n\n<p>Votre s\u00e9jour pourra s\u2019agr\u00e9menter en vous d\u00e9couvrant&nbsp;; <\/p>\n\n\n\n<ul class=\"wp-block-list\"><li>Les <strong>stations Baln\u00e9aires<\/strong> de <a rel=\"noreferrer noopener\" aria-label=\" (s\u2019ouvre dans un nouvel onglet)\" href=\"http:\/\/www.luchon.com\/\" target=\"_blank\">Bagn\u00e8res de Luchon<\/a>, <a rel=\"noreferrer noopener\" aria-label=\" (s\u2019ouvre dans un nouvel onglet)\" href=\"https:\/\/www.balnea.fr\/\" target=\"_blank\">Val Louron<\/a>, <a rel=\"noreferrer noopener\" aria-label=\" (s\u2019ouvre dans un nouvel onglet)\" href=\"http:\/\/www.ville-bagneresdebigorre.fr\/\" target=\"_blank\">Bagn\u00e8res de Bigorre<\/a><\/li><li>La d\u00e9couverte du <a href=\"http:\/\/www.visitvaldaran.com\/fr\/\">Val d\u2019Aran<\/a> espagnol avec son <strong>patrimoine roman<\/strong><\/li><li>Les <strong>activit\u00e9s sportives<\/strong> en fonction des saisons\u00a0:<ul><li>Randonn\u00e9es<\/li><li>Canyoning<\/li><li>Ski alpin, de randonn\u00e9e ou raquettes<\/li><li><a rel=\"noreferrer noopener\" aria-label=\" (s\u2019ouvre dans un nouvel onglet)\" href=\"https:\/\/www.mountnpass.com\/itineraire-velo\/best-of-barbazan\/\" target=\"_blank\">VTT<\/a> <\/li><\/ul><\/li><li>Ski alpin, de fond ou de randonn\u00e9es (dans un rayon de 50 kms)<\/li><\/ul>\n\n\n\n<p><a rel=\"noreferrer noopener\" aria-label=\" (s\u2019ouvre dans un nouvel onglet)\" href=\"https:\/\/www.tripadvisor.fr\/\" target=\"_blank\">Vos d\u00e9jeuners ou diners<\/a> pourront se passer dans des<strong> restaurants<\/strong> classiques de la cit\u00e9 ou de ses alentours mais aussi dans des formules plus<strong> originales <\/strong>en France ou en Espagne.<br><\/p>\n\n\n\n<p>La soir\u00e9e pourra se poursuivre au <a rel=\"noreferrer noopener\" aria-label=\" (s\u2019ouvre dans un nouvel onglet)\" href=\"http:\/\/cinemalesvarietes.com\/\" target=\"_blank\"><strong>Cin\u00e9ma de Montr\u00e9jeau<\/strong><\/a> pour une projection classique ou la retransmission d\u2019un <strong>op\u00e9ra<\/strong> ou bien dans un <a rel=\"noreferrer noopener\" aria-label=\" (s\u2019ouvre dans un nouvel onglet)\" href=\"http:\/\/casino-barbazan.fr\" target=\"_blank\"><strong>Casino<\/strong><\/a> proche.<br><\/p>\n\n\n\n<p>En fonction des dates de votre s\u00e9jour, vous pourrez aussi assister \u00e0 des manifestations de renom\u00a0:<\/p>\n\n\n\n<ul class=\"wp-block-list\"><li>Le <strong>festival International<\/strong> du <a rel=\"noreferrer noopener\" aria-label=\" (s\u2019ouvre dans un nouvel onglet)\" href=\"https:\/\/www.festivalmontrejeau.fr\/\" target=\"_blank\"><strong>Folklore<\/strong><\/a> durant la semaine du 15 ao\u00fbt \u00e0 Montr\u00e9jeau<\/li><li>Le <strong>festival de musique classique<\/strong> du <a rel=\"noreferrer noopener\" aria-label=\" (s\u2019ouvre dans un nouvel onglet)\" href=\"http:\/\/www.festival-du-comminges.com\" target=\"_blank\">Comminges<\/a> de juillet \u00e0 septembre \u00e0 Saint-Bertrand de Comminges<\/li><li>Le <strong>festival de <\/strong><a rel=\"noreferrer noopener\" aria-label=\" (s\u2019ouvre dans un nouvel onglet)\" href=\"http:\/\/www.jazzencomminges.com\/\" target=\"_blank\"><strong>Jazz<\/strong><\/a> \u00a0en d\u00e9but juin \u00e0 Saint Gaudens<\/li><\/ul>\n\n\n\n<p>Si vous pouvez prolonger jusqu\u2019au lundi vous repartirez avec vos achats effectu\u00e9s au<strong> c\u00e9l\u00e8bre march\u00e9 de Montr\u00e9jeau<\/strong> aupr\u00e8s de<strong> producteurs locaux<\/strong> qu\u2019il s\u2019agisse de <strong>fruits et l\u00e9gumes<\/strong> de <strong>charcuterie<\/strong> ou de <strong>fromage<\/strong>.<br><\/p>\n\n\n\n<iframe loading=\"lazy\" width=\"560\" height=\"315\" src=\"https:\/\/www.youtube.com\/embed\/hAgRgGQy9Rw\" frameborder=\"0\" allow=\"accelerometer; autoplay; encrypted-media; gyroscope; picture-in-picture\" allowfullscreen=\"\"><\/iframe>\n\n\n\n<p><\/p>\n","protected":false},"excerpt":{"rendered":"<p>Un si agr\u00e9able weekend \u00e0 Montr\u00e9jeau Vous \u00eates arriv\u00e9 le vendredi soir soit avec les derniers avions \u00e0 Pau, Tarbes ou Toulouse soit par le train ou par l\u2019A64 en voiture.Apr\u00e8s vous \u00eatre install\u00e9 dans le mode de logement retenu, vous aurez le choix entre\u00a0: 48 heures pass\u00e9es sur place 2 jours avec des d\u00e9couvertes &hellip; <\/p>\n<p class=\"read-more\"><a class=\"btn btn-default\" href=\"https:\/\/www.montrejeau-pyrenees.fr\/fr\/votre-weekend\/\"> Lire la suite<span class=\"screen-reader-text\">  Lire la suite<\/span><\/a><\/p>\n","protected":false},"author":6,"featured_media":0,"parent":0,"menu_order":0,"comment_status":"closed","ping_status":"closed","template":"","meta":{"_exactmetrics_skip_tracking":false,"_exactmetrics_sitenote_active":false,"_exactmetrics_sitenote_note":"","_exactmetrics_sitenote_category":0,"footnotes":""},"class_list":["post-52","page","type-page","status-publish","hentry"],"_links":{"self":[{"href":"https:\/\/www.montrejeau-pyrenees.fr\/fr\/wp-json\/wp\/v2\/pages\/52","targetHints":{"allow":["GET"]}}],"collection":[{"href":"https:\/\/www.montrejeau-pyrenees.fr\/fr\/wp-json\/wp\/v2\/pages"}],"about":[{"href":"https:\/\/www.montrejeau-pyrenees.fr\/fr\/wp-json\/wp\/v2\/types\/page"}],"author":[{"embeddable":true,"href":"https:\/\/www.montrejeau-pyrenees.fr\/fr\/wp-json\/wp\/v2\/users\/6"}],"replies":[{"embeddable":true,"href":"https:\/\/www.montrejeau-pyrenees.fr\/fr\/wp-json\/wp\/v2\/comments?post=52"}],"version-history":[{"count":9,"href":"https:\/\/www.montrejeau-pyrenees.fr\/fr\/wp-json\/wp\/v2\/pages\/52\/revisions"}],"predecessor-version":[{"id":297,"href":"https:\/\/www.montrejeau-pyrenees.fr\/fr\/wp-json\/wp\/v2\/pages\/52\/revisions\/297"}],"wp:attachment":[{"href":"https:\/\/www.montrejeau-pyrenees.fr\/fr\/wp-json\/wp\/v2\/media?parent=52"}],"curies":[{"name":"wp","href":"https:\/\/api.w.org\/{rel}","templated":true}]}}

<h2 class="wp-block-heading"><strong>Un si agréable weekend à Montréjeau</strong><br></h2>



<p>Vous êtes arrivé le vendredi soir soit avec les derniers avions à Pau, Tarbes ou Toulouse soit par le train ou par l’A64 en voiture.<br>Après vous être installé dans le mode de logement retenu, vous aurez le choix entre :</p>



<ul class="wp-block-list"><li>48 heures passées sur place</li><li>2 jours avec des découvertes dans un rayon de 40 km</li></ul>



<p>La saison guidera vos pas :</p>



<iframe loading="lazy" width="560" height="315" src="https://www.youtube.com/embed/1-nGebBhlUE" frameborder="0" allow="accelerometer; autoplay; encrypted-media; gyroscope; picture-in-picture" allowfullscreen=""></iframe>



<p>Si vous optez pour un séjour très sédentaire, vous pourrez&nbsp;:</p>



<ul class="wp-block-list"><li>Visiter la <a rel="noreferrer noopener" aria-label=" (s’ouvre dans un nouvel onglet)" href="https://www.mairie-montrejeau.com/files/medias/documents/visite-guidee/Visite_guidee_de_Montrejeau.pdf" target="_blank"><strong>Bastide Royale</strong></a> </li><li>Visiter le <a rel="noreferrer noopener" aria-label=" (s’ouvre dans un nouvel onglet)" href="https://www.mairie-montrejeau.com/fr/loisirs-culture/le-chateau-de-valmirande" target="_blank"><strong>Château de Valmirande</strong></a> (en été ou sur demande les autres saisons</li><li>Découvrir la<strong> </strong><a href="about:blank"><strong>base de loisirs</strong> </a>: <strong>aires de fitness</strong> et de <strong>jeux pour enfants</strong>, promenade autour du<strong> lac</strong> avec <strong>baignade</strong></li><li>Pratiquer ou vous initier au <a rel="noreferrer noopener" aria-label=" (s’ouvre dans un nouvel onglet)" href="http://golf-du-comminges.e-monsite.com/" target="_blank"><strong>Golf du Comminges</strong></a></li><li>Jouer au <strong>tennis</strong></li><li>Faire de l’<a rel="noreferrer noopener" aria-label=" (s’ouvre dans un nouvel onglet)" href="http://www.clubcentreequestre.com/centre-equestre-28556-mazeres-de-neste.html" target="_blank"><strong>équitation</strong></a></li><li>Promenade le long de la <strong>Garonne</strong> ou de la <strong>Neste</strong></li></ul>



<figure><iframe loading="lazy" width="560" height="315" src="https://www.youtube.com/embed/qhxVw3GXC6g" allowfullscreen=""></iframe></figure>



<p>Si vous souhaitez rayonner, votre séjour pourra se compléter en parcourant des lieux allant de la <strong>préhistoire</strong> à l’<strong>ère gréco-romaine</strong> omniprésente et au <strong>Moyen-Age</strong> :</p>



<ul class="wp-block-list"><li>La visite de <a rel="noreferrer noopener" aria-label=" (s’ouvre dans un nouvel onglet)" href="https://www.st-bertrand.com" target="_blank"><strong>Saint Bertrand de Comminges</strong> et <strong>Saint Just de Valcabrère</strong></a><strong>,</strong> site <strong>romain</strong>, <strong>paléochrétien</strong> et <strong>médiéval</strong></li><li>Les <a rel="noreferrer noopener" aria-label=" (s’ouvre dans un nouvel onglet)" href="http://www.grottesdegargas.fr/" target="_blank"><strong>Grottes de Gargas</strong></a> , site <strong>préhistorique</strong></li><li><strong>Villa Romaine</strong> de <a rel="noreferrer noopener" aria-label=" (s’ouvre dans un nouvel onglet)" href="http://www.villa-montmaurin.fr/" target="_blank"><strong>Montmaurin</strong></a> et les <a rel="noreferrer noopener" aria-label=" (s’ouvre dans un nouvel onglet)" href="https://fr.wikipedia.org/wiki/Save_(Garonne" target="_blank"><strong>Gorges de la Save</strong></a></li></ul>



<figure><iframe loading="lazy" width="560" height="315" src="https://www.youtube.com/embed/9ZqyDVPVLv8" allowfullscreen=""></iframe></figure>



<p>Votre séjour pourra s’agrémenter en vous découvrant&nbsp;; </p>



<ul class="wp-block-list"><li>Les <strong>stations Balnéaires</strong> de <a rel="noreferrer noopener" aria-label=" (s’ouvre dans un nouvel onglet)" href="http://www.luchon.com/" target="_blank">Bagnères de Luchon</a>, <a rel="noreferrer noopener" aria-label=" (s’ouvre dans un nouvel onglet)" href="https://www.balnea.fr/" target="_blank">Val Louron</a>, <a rel="noreferrer noopener" aria-label=" (s’ouvre dans un nouvel onglet)" href="http://www.ville-bagneresdebigorre.fr/" target="_blank">Bagnères de Bigorre</a></li><li>La découverte du <a href="http://www.visitvaldaran.com/fr/">Val d’Aran</a> espagnol avec son <strong>patrimoine roman</strong></li><li>Les <strong>activités sportives</strong> en fonction des saisons :<ul><li>Randonnées</li><li>Canyoning</li><li>Ski alpin, de randonnée ou raquettes</li><li><a rel="noreferrer noopener" aria-label=" (s’ouvre dans un nouvel onglet)" href="https://www.mountnpass.com/itineraire-velo/best-of-barbazan/" target="_blank">VTT</a> </li></ul></li><li>Ski alpin, de fond ou de randonnées (dans un rayon de 50 kms)</li></ul>



<p><a rel="noreferrer noopener" aria-label=" (s’ouvre dans un nouvel onglet)" href="https://www.tripadvisor.fr/" target="_blank">Vos déjeuners ou diners</a> pourront se passer dans des<strong> restaurants</strong> classiques de la cité ou de ses alentours mais aussi dans des formules plus<strong> originales </strong>en France ou en Espagne.<br></p>



<p>La soirée pourra se poursuivre au <a rel="noreferrer noopener" aria-label=" (s’ouvre dans un nouvel onglet)" href="http://cinemalesvarietes.com/" target="_blank"><strong>Cinéma de Montréjeau</strong></a> pour une projection classique ou la retransmission d’un <strong>opéra</strong> ou bien dans un <a rel="noreferrer noopener" aria-label=" (s’ouvre dans un nouvel onglet)" href="http://casino-barbazan.fr" target="_blank"><strong>Casino</strong></a> proche.<br></p>



<p>En fonction des dates de votre séjour, vous pourrez aussi assister à des manifestations de renom :</p>



<ul class="wp-block-list"><li>Le <strong>festival International</strong> du <a rel="noreferrer noopener" aria-label=" (s’ouvre dans un nouvel onglet)" href="https://www.festivalmontrejeau.fr/" target="_blank"><strong>Folklore</strong></a> durant la semaine du 15 août à Montréjeau</li><li>Le <strong>festival de musique classique</strong> du <a rel="noreferrer noopener" aria-label=" (s’ouvre dans un nouvel onglet)" href="http://www.festival-du-comminges.com" target="_blank">Comminges</a> de juillet à septembre à Saint-Bertrand de Comminges</li><li>Le <strong>festival de </strong><a rel="noreferrer noopener" aria-label=" (s’ouvre dans un nouvel onglet)" href="http://www.jazzencomminges.com/" target="_blank"><strong>Jazz</strong></a>  en début juin à Saint Gaudens</li></ul>



<p>Si vous pouvez prolonger jusqu’au lundi vous repartirez avec vos achats effectués au<strong> célèbre marché de Montréjeau</strong> auprès de<strong> producteurs locaux</strong> qu’il s’agisse de <strong>fruits et légumes</strong> de <strong>charcuterie</strong> ou de <strong>fromage</strong>.<br></p>



<iframe loading="lazy" width="560" height="315" src="https://www.youtube.com/embed/hAgRgGQy9Rw" frameborder="0" allow="accelerometer; autoplay; encrypted-media; gyroscope; picture-in-picture" allowfullscreen=""></iframe>



<p></p>

<p>Un si agréable weekend à Montréjeau Vous êtes arrivé le vendredi soir soit avec les derniers avions à Pau, Tarbes ou Toulouse soit par le train ou par l’A64 en voiture.Après vous être installé dans le mode de logement retenu, vous aurez le choix entre : 48 heures passées sur place 2 jours avec des découvertes &hellip; </p>
<p class="read-more"><a class="btn btn-default" href="https://www.montrejeau-pyrenees.fr/fr/votre-weekend/"> Lire la suite<span class="screen-reader-text">  Lire la suite</span></a></p>
